4*o**3 + 4*o**2 - 10*o**2 + 5*o**3. Let n = -16 + 14. Calculate g(n).
0
Let o(b) be the third derivative of b**6/120 + 7*b**5/30 + b**4/24 + 19*b**3/6 - 3*b**2 - 2. What is o(-14)?
5
Let g(p) = 2*p - 6. Let z be g(7). Let f = z - 5. Let k(d) = -3 + 0*d**3 + 4*d - 4*d**2 - 9*d + d**f. Calculate k(5).
-3
Let z(f) = 4*f. Let u(j) = -j. Let t(v) = 7*u(v) + 2*z(v). Suppose 0 = -3*m + 2 + 7. Let a be (-6)/3 - 3/m. Calculate t(a).
-3
Let p(w) be the first derivative of 2*w**3/3 - w**2 - 3*w + 119. What is p(3)?
9
Let n(p) be the second derivative of p**5/20 + p**4/4 - p**3 - 3*p**2/2 - 71*p - 1. Determine n(-4).
5
Let w(x) = x - 7. Let k(d) = -d**3 + 11*d**2 - d - 7. Let l be k(11). Let h = l - -21. Suppose -5*p - 2*n - 3*n + 20 = 0, 2*n = -h*p + 8. Determine w(p).
-7
Let w = 103 + -110. Let j(m) = -m**3 - 8*m**2 - 10*m + 3. What is j(w)?
24
Let c(x) be the first derivative of 2*x**3/3 + 17*x**2/2 - 22*x - 190. Determine c(-10).
8
Let m(z) = -2*z**3 - 7*z**2 - 4*z - 2. Suppose 19*a - 28*a = 18. Calculate m(a).
-6
Let c(u) = -6*u - 1. Let d be c(-1). Suppose s - h = 8, s + s - 3*h - 20 = 0. Let i(x) = s*x - 4 + 7 - x**2 + x. Give i(d).
3
Let p(i) = -i**3 - 17. Let v be (4 - -3) + 8 - (1 - 3). Let n(g) = -2*g + 34. Let u be n(v). Give p(u).
-17
Let z(q) be the third derivative of -q**5/60 - 5*q**4/24 + 5*q**3/6 - q**2 + 121*q. Determine z(-7).
-9
Let i(x) = -5*x**2 + 41*x + 4. Let l(s) = 2*s**2 - 19*s - 2. Let w(g) = -6*i(g) - 13*l(g). What is w(2)?
20
Let g(d) = d**3 + 0*d - 3*d - 3*d**2 - 37 + 40. Suppose 0 = 38*p - 43*p + 15. Calculate g(p).
-6
Let t(z) be the third derivative of z**5/30 + z**4/12 - z**3/3 - 25*z**2. Let l = -22 + 13. Let a = -7 - l. Calculate t(a).
10
Let j = -3 - -4. Suppose -k = -5*l - 5, 3*l - 2*l = 5*k - 25. Let u(y) = l*y + 0*y + 14*y**2 - y + 4 - 3. What is u(j)?
14
Let t(r) = -15*r**3 - 3*r**2 - 1. Let o(q) = q**3 - q**2 + q. Let g(v) = -2*o(v) + t(v). Determine g(-1).
17
Let y(i) be the third derivative of i**6/120 - i**5/20 - i**4/6 + i**3/6 - 69*i**2 - 2. Give y(3).
-11
Let t(n) = 1 + n**2 - 3 - 5*n + n - 3*n + 4*n. What is t(5)?
8
Let d(c) = c**2 + 2*c + 3. Let t be (1 + (2 - 7) + -1)*1. Give d(t).
18
Let n(w) = w - 13. Let k be (140/(-15) + 6)/((-1)/3). Give n(k).
-3
Let x be (4/14)/(3/42). Suppose 2*k + 2*q = 38, -x*q - 35 + 6 = -k. Let r = k - 16. Let b(h) = 2*h - 3. Calculate b(r).
7
Let f(q) = q**3 - 9*q**2 + 9*q - 1. Let k(j) = 8 - 37*j**2 - 6 + 37*j + 4*j**3 - 8 + 1. Let z(r) = -9*f(r) + 2*k(r). Determine z(5).
14
Let t(o) = o**2 - 8*o - 2. Let l = 938 - 930. Determine t(l).
-2
Let p = -68 + 74. Suppose -8*d = -p*d - 14. Let j(m) = -m**2 + 6*m + 10. Give j(d).
3
Suppose -15*k + 28*k - 143 = 0. Let z(t) = t**3 - 10*t**2 - 10*t + 3. What is z(k)?
14
Let w(s) = s**3 + s**2. Let q(m) = -2*m**3 + 6*m**2 - 5*m - 4. Suppose 3*o + 5*t = -3, 2*o = -0*o + 2*t - 2. Let v(r) = o*q(r) - w(r). Give v(5).
-21
Let v(n) = -10*n**2 + 38*n + 17. Let p(k) = -3*k**2 + 12*k + 6. Let c(t) = 7*p(t) - 2*v(t). What is c(7)?
15
Suppose -2*x = 2*x - 4, f - 3*x = -12. Let u be (-20)/(-3) - (-6)/f. Let s(y) = u*y**2 - y**3 + 0 + 8 - 1. Calculate s(6).
7
Let s(n) = -n**2 - 16*n + 7. Let l(j) = j**2 + 17*j - 10. Let x(b) = -7*l(b) - 8*s(b). Give x(-6).
-4
Let q = 21 + -19. Suppose 27 = q*m - 7. Suppose 4*u - 7 - m = 0. Let y(x) = -x**2 + 5*x. Determine y(u).
-6
Let m(b) = -b**2 + 127*b + 395. Let r be m(-3). Let c(p) = p**3 - 2*p**2 + p - 1. Let z be c(2). Let u(i) = -5*i + 0 + 4*i - z. Calculate u(r).
-6
Let b(y) be the first derivative of -7*y**3/3 + y**2/2 - y + 6. Suppose 0*u + 8 = 8*u. Give b(u).
-7
Let k = 48 + -43. Suppose k = -5*g, 1 = p + 4*g - 1. Let n(c) = c**2 - 7*c + 9. Give n(p).
3
Let i = 4 + 1. Suppose -9 - 16 = -i*c. Let q(h) = h - 6. Let w be q(c). Let o(l) = -8*l - 1. Give o(w).
7
Let r(o) be the second derivative of 1/4*o**4 - 3/2*o**2 + 0 - 1/10*o**5 + 3*o + 5/6*o**3. Let f(k) = k**3 - 11*k**2 + 12*k - 17. Let m be f(10). Give r(m).
-15
Suppose 9*n = 48 - 12. Let o(m) = -m**2 + 4*m + 5. Give o(n).
5
Suppose -2*w + 22 = 3*p + 33, -5*p + 2*w = -3. Let d(f) = -2 - 1 + 4 - 6*f. Calculate d(p).
7
Let z(w) = -w**2 + 15*w - 11. Let o be z(14). Let l(t) = t**2 - 4*t + 2. What is l(o)?
-1
Let m(u) be the third derivative of -1/40*u**5 + 6*u**2 - 3/2*u**3 + 0 - 1/360*u**6 + 0*u + 1/8*u**4. Let q(v) be the first derivative of m(v). Determine q(-5).
-7
Let w(d) = -d**2 - 15*d + 4. Let a be w(-14). Suppose 0 = -5*l + 2 + a. Let o(x) = -3*x - 2. Let h(t) = -6*t - 3. Let u(j) = 4*h(j) - 7*o(j). Give u(l).
-10
Let w(d) = -d**3 + 8*d**2 + 2*d - 10. Suppose -y - 371 = 3*x, -80 = x - y + 45. Let k = -116 - x. Calculate w(k).
6
Let l(h) = -17*h + 2. Let r(d) = -21*d + 1. Let g(c) = 5*l(c) - 4*r(c). What is g(-10)?
16
Let x(g) = -g**2 - 9*g - 2. Suppose -4*i - 5 = -5*t, 4*i - t + 1 = -0. Suppose 5*k - v + 30 = -0*v, i = -2*k + 4*v + 6. Calculate x(k).
12
Let c(z) = -5*z**2 + 9*z - 15. Let o(a) = -9*a**2 + 16*a - 28. Let d(s) = 7*c(s) - 4*o(s). Determine d(0).
7
Let z(w) be the second derivative of w**4/12 - w**3 - w**2 - 50*w. Give z(4).
-10
Suppose 5*w + k + 14 = 8*w, 4*w + k - 7 = 0. Let o(y) be the second derivative of 0 + y + 1/6*y**w - 1/2*y**2. Give o(3).
2
Let q(x) = -2 - 3 + x + 7. Determine q(-4).
-2
Let i(k) = 7*k - 49. Let r(l) = l - 4. Let y(z) = i(z) - 4*r(z). Give y(9).
-6
Suppose -11*k + 31*k = 0. Suppose 5*j = j - 24. Let i(y) = -y + 6. Let s(u) = -u + 6. Let d(w) = j*i(w) + 5*s(w). Calculate d(k).
-6
Let n(d) = -5*d + 2. Let y(c) = 3*c**2 + 15*c - 16. Let i be y(-6). What is n(i)?
-8
Suppose 20*h = 18*h + 4. Let v(i) = i**3 - 110 + 223 - h*i - i**2 - 112. Give v(2).
1
Suppose 0 = c + 2*z + 7, -5*c + z + 17 = -10*c. Let m(n) = -n. Give m(c).
3
Let v = -62 - -68. Suppose 3*s - 10 = 2*s. Let z = v - s. Let w(n) = 2*n + 6. What is w(z)?
-2
Suppose 61 = -5*h - 4. Let p = h - -14. Let g(z) = 9*z**3 - z**2 + 2*z - 1. Determine g(p).
9
Suppose -17 = j + 5*u, 2*j = -3*u - 9 + 3. Let r(i) = -1 + 20*i + 0*i**3 - 21*i + i**3 + j*i**3. What is r(-1)?
-4
Let l(g) = 3*g - 94. Let n(p) = 7*p - 211. Let c(m) = -9*l(m) + 4*n(m). Suppose -4*r = -r - 9. Calculate c(r).
5
Let d(k) = -k**3 - 5*k**2 + 3*k + 6. Let u(x) = 3*x - 48. Let n be u(18). Suppose -11 + n = y. What is d(y)?
-9
Let y(t) = -4*t - 9*t**2 - 8*t**2 - 11*t**2 + 29*t**2 + 5. Calculate y(5).
10
Let n(v) = v**3 - v + 1. Let r(g) = -g**2 + 4*g + 17. Let o be r(7). Let h be -3*3*o/36. Determine n(h).
1
Let t(z) = z**3 + 12*z**2 + 18*z - 18. Let s(f) = f**3 + 18*f**2 + 35*f + 38. Let n be s(-16). Give t(n).
2
Suppose -3*v + 3 = -0. Let u(f) be the first derivative of 9*f**2/2 - 63. Give u(v).
9
Let m(t) = t - 10. Suppose 0 = 40*y - 39*y - 13. Calculate m(y).
3
Let p(g) = g**2 + g + 4. Let b = -118 + 115. Determine p(b).
10
Let f(n) = 22*n**2 + 33*n**2 + 5*n + 7*n - 43*n**2 + 15 - n**3. What is f(13)?
2
Let k(q) = 4*q**2 + q + 3 + 10*q**3 - 2*q - 11*q**3. Suppose 0 = 7*r + r - 24. Calculate k(r).
9
Let d be (-2)/((-93)/(-105) - 9/15). Let c(a) = -a - 12. Let o be c(d). Let q(w) = -w**3 - 6*w**2 - 6*w - 6. Give q(o).
-1
Let m = -1 - -1. Let q(i) be the third derivative of 0 + 11*i**2 + 0*i**4 + i**3 + 0*i - 1/60*i**5. Calculate q(m).
6
Let x(b) = -b - 5. Let f = 32 + -28. Suppose 5 = 3*s - n - 10, 25 = 5*s + f*n. What is x(s)?
-10
Suppose -4*m = -20, -4 = -5*i + 3*m - 19. Let x(d) = -174*d**2 + 172*d**2 + d**3 + i*d + 3 + 0*d. Determine x(3).
12
Let m(h) = -h**3 - 9*h**2 - 15*h - 1. Let d be m(-7). Let q(w) = -w + 1. Determine q(d).
-5
Let z(i) = -4*i - 9. Let c(v) = v + 1. Let q(x) = 5*c(x) + z(x). Let r be 2 - (2 - 5/1). Suppose 2*n - 6*s + 25 = -s, -3*n + s - r = 0. Calculate q(n).
-4
Let a(m) = -2*m + 25. Let c be a(11). Let b(z) = 62 - c*z**2 - 59 + 2*z**2. Calculate b(0).
3
Let c(f) = -f**3 - 6*f**2 + 7*f + 1. Let z(h) = h - 6. Let v be z(11). Let u be 14/v*90/(-36). Give c(u).
1
Let h(s) = -40*s + 57. Let d(b) = -9*b + 14. Let k(w) = 9*d(w) - 2*h(w). Give k(13).
-1
Let c(i) = -5*i + 268 - 586 + 277. Determine c(-8).
-1
Let w(h) be the first derivative of -1/3*h**3 - 3/2*h**2 + 37 + h. What is w(-5)?
-9
Let a(u) = -u**3 + 2*u**2 - 2*u. Let f(k) = -4*k**2 - 31*k + 10. Let j be f(-8). Give a(j).
-4
Let a(o) = -4*o + 2. Let b = -12 + 13. Suppose 0 = -5*y - 3*g + 27, 0*y + 5*y - 4*g =